{"id":334,"date":"2024-10-01T15:36:30","date_gmt":"2024-10-01T15:36:30","guid":{"rendered":"https:\/\/wimvancampen.nl\/?page_id=334"},"modified":"2025-06-20T13:13:35","modified_gmt":"2025-06-20T13:13:35","slug":"cols-beklommen","status":"publish","type":"page","link":"https:\/\/wimvancampen.nl\/?page_id=334","title":{"rendered":"Cols beklommen"},"content":{"rendered":"\n<h2 class=\"wp-block-heading\">Lijst van mijn belangrijkste beklimmingen <\/h2>\n\n\n\n<figure class=\"wp-block-table has-small-font-size\"><table><tbody><tr><td>Naam<\/td><td>Hoogte (m)<\/td><td>Stijging (%)<\/td><\/tr><tr><td colspan=\"6\"><strong>Frankrijk<\/strong><\/td><\/tr><tr><td>Ballon d&#8217;Alsace Noordkant Vogezen<\/td><td>1178<\/td><td>6,6<\/td><\/tr><tr><td>Ballon d&#8217;Alsace Oostkant Vogezen<\/td><td>1178<\/td><td>5,0<\/td><\/tr><tr><td>Grand Ballon vanuit Kruth Vogezen<\/td><td>1343<\/td><td>3,6<\/td><\/tr><tr><td>Grand Ballon vanuiit Willers Vogezen<\/td><td>1343<\/td><td>6,2<\/td><\/tr><tr><td>Petit Drumont vanuit Bussang Vogezen<\/td><td>1150<\/td><td>6,7<\/td><\/tr><tr><td>Col d&#8217;Oderen vanuit Kruth Vogezen<\/td><td>883<\/td><td>5,5<\/td><\/tr><tr><td>Col d&#8217;Oderen vanuit Cornimont Vogezen<\/td><td>883<\/td><td>3,9<\/td><\/tr><tr><td>Col du Page vanuit Bussang Vogezen<\/td><td>985<\/td><td>5,6<\/td><\/tr><tr><td>Col du Page vanuit Mont d&#8217;Oderen Vogezen<\/td><td>985<\/td><td>8,6<\/td><\/tr><tr><td>Ermitage de fr\u00e8re Joseph Vogezen<\/td><td>867<\/td><td>5,2<\/td><\/tr><tr><td>Planche des Belles Filles Vogezen<\/td><td>1035<\/td><td>8,4<\/td><\/tr><tr><td>Col de la Schlucht vanuit Fraize Vogezen<\/td><td>1140<\/td><td>3<\/td><\/tr><tr><td>T\u00eate du Rouge Gazon vanuit St Maurice Vogezen<\/td><td>1080<\/td><td>4,9<\/td><\/tr><tr><td>Mont Ventoux vanaf Malauc\u00e8ne Provence\/Vaucluse<\/td><td>1912<\/td><td>7,3<\/td><\/tr><tr><td>Mont Ventoux vanaf B\u00e9doin Provence\/Vaucluse<\/td><td>1912<\/td><td>7,5<\/td><\/tr><tr><td>La B\u00e9rarde Alpen\/Is\u00e8re<\/td><td>1713<\/td><td>4,5<\/td><\/tr><tr><td>Col d Ornon Noordkant Alpen\/Is\u00e8re<\/td><td>1373<\/td><td>5,8<\/td><\/tr><tr><td>Alpe d&#8217;Huez Alpen\/Is\u00e8re<\/td><td>1815<\/td><td>8,1<\/td><\/tr><tr><td>Col de Sarenne via Huez Alpen\/Is\u00e8re<\/td><td>1999<\/td><td>6,0<\/td><\/tr><tr><td>Les Deux Alpes Alpen\/Is\u00e8re<\/td><td>1660<\/td><td>7,6<\/td><\/tr><tr><td>Col Luitel Alpen\/Is\u00e8re<\/td><td>1262<\/td><td>8,7<\/td><\/tr><tr><td>Croix de Chamrousse Alpen\/Is\u00e8re<\/td><td>1750<\/td><td>8,1<\/td><\/tr><tr><td>Col des Aravis vanuit La Cluzas Haute-Savoie<\/td><td>1487<\/td><td>6,0<\/td><\/tr><tr><td>Col de la Colombi\u00e8re (Grand Bornand) Haute-Savoie<\/td><td>1618<\/td><td>5,9<\/td><\/tr><tr><td>Col de la Colombi\u00e8re (Scionzier) Haute-Savoie<\/td><td>1618<\/td><td>6,8<\/td><\/tr><tr><td>Col de la Croix Fry (Thones) Haute-Savoie<\/td><td>1477<\/td><td>6,6<\/td><\/tr><tr><td>Col de Joux-Plane (Samo\u00ebns) Haute-Savoie<\/td><td>1700<\/td><td>7,5<\/td><\/tr><tr><td>Col de Joux-Plane (Morzine) Haute-Savoie<\/td><td>1700<\/td><td>8,0<\/td><\/tr><tr><td>Col de Pierre Carr\u00e9e (Balme) Haute-Savoie<\/td><td>1844<\/td><td>6,4<\/td><\/tr><tr><td>Mont\u00e9e d&#8217;Avoriaz Haute-Savoie<\/td><td>1800<\/td><td>6,0<\/td><\/tr><tr><td>Col de la Forclaz (Vesonne) Haute-Savoie<\/td><td>1150<\/td><td>8,0<\/td><\/tr><tr><td>Mont\u00e9e de Semnoz (Annecy) Haute-Savoie<\/td><td>1670<\/td><td>7,0<\/td><\/tr><tr><td>Col de l&#8217;\u00c9pine (Marlens) Haute-Savoie<\/td><td>947<\/td><td>6,1<\/td><\/tr><tr><td>Croix de Fer Alpen\/Savoie<\/td><td>2068<\/td><td>4,7<\/td><\/tr><tr><td>Col du Glandon Alpen\/Savoie<\/td><td>1924<\/td><td>4,8<\/td><\/tr><tr><td>Col du T\u00e9l\u00e9graphe<strong> <\/strong>Alpen\/Savoie<\/td><td>1566<\/td><td>7,3<\/td><\/tr><tr><td>Col du Galibier via T\u00e9l\u00e9graphe Alpen\/Savoie<\/td><td>2646<\/td><td>5,5<\/td><\/tr><tr><td>Col de la Madeleine Westkant Alpen\/Savoie<\/td><td>2000<\/td><td>7,7<\/td><\/tr><tr><td>Col de la Madeleine Oostkant Alpen\/Savoie<\/td><td>2000<\/td><td>7,4<\/td><\/tr><tr><td>Cormet de Roselend Alpen\/Savoie<\/td><td>1967<\/td><td>6,0<\/td><\/tr><tr><td>La Plagne Alpen\/Savoie<\/td><td>2080<\/td><td>7,0<\/td><\/tr><tr><td>Arc 2000 Alpen\/Savoie<\/td><td>2130<\/td><td>5,1<\/td><\/tr><tr><td>La Rosi\u00e8re Alpen\/Savoie<\/td><td>1815<\/td><td>4,5<\/td><\/tr><tr><td>Mont du Chat Haute-Savoie<\/td><td>1243<\/td><td>9,2<\/td><\/tr><tr><td>Col de la Biche Haute-Savoie<\/td><td>1141<\/td><td>6,5<\/td><\/tr><tr><td>Mont R\u00e9vard Haute-Savoie<\/td><td>1537<\/td><td>6,0<\/td><\/tr><tr><td>Col du Sapenay Haute-Savoie<\/td><td>897<\/td><td>7,6<\/td><\/tr><tr><td>Col de Richemond Haute-Savoie<\/td><td>1035<\/td><td>5,5<\/td><\/tr><tr><td>Grand Colombier Haute-Savoie<\/td><td>1505<\/td><td>6,9<\/td><\/tr><tr><td>Col de Finiels vanuit Pont Montvert Cevennen<\/td><td>1543<\/td><td>5,9<\/td><\/tr><tr><td>Mont Aigoual vanuit Rousses Cevennen<\/td><td>1567<\/td><td>5<\/td><\/tr><tr><td>Mont Aigoual vanuit Le Vigan<\/td><td>1567<\/td><td>4<\/td><\/tr><tr><td>Col du Petit Saint Bernard Rhone\/Alpes<\/td><td>2188<\/td><td>4,4<\/td><\/tr><tr><td>Col de l&#8217;Iseran vanaf Bourg St Maurice Rhone\/Alpes<\/td><td>2770<\/td><td>4,1<\/td><\/tr><tr><td>Col d&#8217;Izoard Noordkant Hautes-Alpes<\/td><td>2361<\/td><td>5,7<\/td><\/tr><tr><td>Col de Vars Zuidkant Alpes-Provence<\/td><td>2108<\/td><td>5,7<\/td><\/tr><tr><td>Col de Larche Noordwestkant Alpes-Provence<\/td><td>1991<\/td><td>4,2<\/td><\/tr><tr><td>Pra Loup Alpes-Provence<\/td><td>1630<\/td><td>5,3<\/td><\/tr><tr><td>Super Sauze Alpes-Provence<\/td><td>1705<\/td><td>5,5<\/td><\/tr><tr><td>Col de la Bonette Noordkant Alpes-Provence<\/td><td>2802<\/td><td>6,6<\/td><\/tr><tr><td>Col de la Cayolle Noordkant Alpes-Provence<\/td><td>2325<\/td><td>5,4<\/td><\/tr><tr><td>Col d&#8217;Allos Noordkant Alpes-Provence<\/td><td>2250<\/td><td>6,4<\/td><\/tr><tr><td>Col du Soulor Oostkant Hautes-Pyr\u00e9n\u00e9es<\/td><td>1474<\/td><td>5,1<\/td><\/tr><tr><td>Pont d&#8217;Espagne Hautes-Pyr\u00e9n\u00e9es<\/td><td>1496<\/td><td>5,4<\/td><\/tr><tr><td>Luz-Ardiden Hautes-Pyr\u00e9n\u00e9es<\/td><td>1715<\/td><td>7,9<\/td><\/tr><tr><td>Hautacam\/Tramassel Midi-Pyr\u00e9n\u00e9es<\/td><td>1635<\/td><td>7,7<\/td><\/tr><tr><td>Port de Boucharo  Midi-Pyr\u00e9n\u00e9es<\/td><td>2260<\/td><td>4,9<\/td><\/tr><tr><td>Col d&#8217;Aspin Westkant Hautes-Pyr\u00e9n\u00e9es<\/td><td>1489<\/td><td>5,0<\/td><\/tr><tr><td>Col d&#8217;Aspin Oostkant Hautes-Pyr\u00e9n\u00e9es<\/td><td>1489<\/td><td>6,5<\/td><\/tr><tr><td>Col d&#8217;Aubisque Oostkant Pyr\u00e9n\u00e9es-Atlantiques<\/td><td>1708<\/td><td>5,8<\/td><\/tr><tr><td>Col du Tourmalet Westkant Hautes-Pyr\u00e9n\u00e9es<\/td><td>2115<\/td><td>7,8<\/td><\/tr><tr><td>Col du Tourmalet Oostkant Hautes-Pyr\u00e9n\u00e9es<\/td><td>2115<\/td><td>7,4<\/td><\/tr><tr><td>Col d&#8217;Azet Hautes-Pyr\u00e9n\u00e9es<\/td><td>1580<\/td><td>9,7<\/td><\/tr><tr><td>Hourquette d&#8217;Ancizan Hautes-Pyr\u00e9n\u00e9es<\/td><td>1536<\/td><td>8,0<\/td><\/tr><tr><td>Col de Peyresourde West Haute-Garonne<\/td><td>1569<\/td><td>6,8<\/td><\/tr><tr><td>Col du Pradel Ari\u00e8ge-Pyr\u00e9n\u00e9es<\/td><td>1673<\/td><td>6,6<\/td><\/tr><tr><td>Col du Chioula Ari\u00e8ge-Pyr\u00e9n\u00e9es<\/td><td>1431<\/td><td>7,3<\/td><\/tr><tr><td>Ax-3-Domaines Ari\u00e8ge-Pyr\u00e9n\u00e9es<\/td><td>1380<\/td><td>8,6<\/td><\/tr><tr><td>Plateau de Beille Ari\u00e8ge-Pyr\u00e9n\u00e9es<\/td><td>1790<\/td><td>7,9<\/td><\/tr><tr><td>Col de Pailh\u00e8res Ari\u00e8ge-Pyr\u00e9n\u00e9es<\/td><td>2001<\/td><td>6,9<\/td><\/tr><tr><td>Arcalis Andorra<\/td><td>2225<\/td><td>5,2<\/td><\/tr><tr><td>Col de Meyrand, Ard\u00e8che<\/td><td>1033<\/td><td>4,6<\/td><\/tr><tr><td>Pas de Peyrol vanuit Salers Cantal<\/td><td>1588<\/td><td>3,2<\/td><\/tr><tr><td>Col de N\u00e9ronne vanuit Salers Cantal<\/td><td>1242<\/td><td>4,3<\/td><\/tr><tr><td>Col de L\u00e9gal vanuit Salers Cantal<\/td><td>1231<\/td><td>3,8<\/td><\/tr><tr><td>Col de Bruel vanuit Tournemire Cantal<\/td><td>1024<\/td><td>3,7<\/td><\/tr><tr><td>Col de St Georges vanuit Fontanges Cantal<\/td><td>954<\/td><td>4,1<\/td><\/tr><tr><td colspan=\"6\"><strong>Itali\u00eb<\/strong><\/td><\/tr><tr><td>Passo Stelvio via Umbrail<\/td><td>2758<\/td><td>8,3<\/td><\/tr><tr><td>Passo Stelvio vanaf Bormio<\/td><td>2758<\/td><td>7,1<\/td><\/tr><tr><td>Passio Stelvio vanaf Prato<\/td><td>2758<\/td><td>7,4<\/td><\/tr><tr><td>Gavia vanaf Bormio<\/td><td>2652<\/td><td>5,5<\/td><\/tr><tr><td>Bormio 2000<\/td><td>1938<\/td><td>7,5<\/td><\/tr><tr><td>Torre di Fraele vanaf Bormio-Norte<\/td><td>1941<\/td><td>5,5<\/td><\/tr><tr><td>Foscagno vanaf Bormio<\/td><td>2291<\/td><td>4,4<\/td><\/tr><tr><td>Mortirolo vanaf Grosio<\/td><td>1852<\/td><td>8,3<\/td><\/tr><tr><td>Campolongo vanaf Corvara<\/td><td>1875<\/td><td>5,0<\/td><\/tr><tr><td>Campolongo vanaf Arabba<\/td><td>1875<\/td><td>7,4<\/td><\/tr><tr><td>Pordoi vanaf Arabba<\/td><td>2239<\/td><td>6,8<\/td><\/tr><tr><td>Pordoi Westkant<\/td><td>2239<\/td><td>6,0<\/td><\/tr><tr><td>Sella Zuidkant<\/td><td>2240<\/td><td>7,3<\/td><\/tr><tr><td>Sella Noordkant<\/td><td>2240<\/td><td>6,8<\/td><\/tr><tr><td>Gardena Oostkant<\/td><td>2121<\/td><td>6,7<\/td><\/tr><tr><td>Gardena Zuidwestkant<\/td><td>2121<\/td><td>4,2<\/td><\/tr><tr><td>Giau Westkant<\/td><td>2236<\/td><td>9,1<\/td><\/tr><tr><td>Fedaia, Oostkant<\/td><td>2057<\/td><td>8,3<\/td><\/tr><tr><td>Falzarego\/Valparola Zuidkant<\/td><td>2192<\/td><td>6,0<\/td><\/tr><tr><td>Falzarego Oostkant<\/td><td>2122<\/td><td>5,9<\/td><\/tr><tr><td>Valparola Noordkant vanaf La Villa<\/td><td>2192<\/td><td>5,8<\/td><\/tr><tr><td colspan=\"6\"><strong>Spanje, Canarias<\/strong><\/td><\/tr><tr><td>Roque de los Muchachos, Oost<\/td><td>2426<\/td><td>6,3<\/td><\/tr><tr><td>Roque de los Muchachos, West<\/td><td>2426<\/td><td>7,7<\/td><\/tr><tr><td>Roque de los Muchachos, Noord<\/td><td>2426<\/td><td>6,6<\/td><\/tr><tr><td>La Cumbrecita<\/td><td>1305<\/td><td>7,1<\/td><\/tr><tr><td>La Cumbrecita vanaf Puerto Naos<\/td><td>1305<\/td><td>5,9<\/td><\/tr><tr><td>El Pilar<\/td><td>1455<\/td><td>7,2<\/td><\/tr><tr><td>El Pilar vanaf Puerto Naos<\/td><td>1455<\/td><td>5,9<\/td><\/tr><tr><td>Los Brecitos<\/td><td>1081<\/td><td>9,0<\/td><\/tr><tr><td colspan=\"6\"><strong>Zwitserland<\/strong><\/td><\/tr><tr><td>Umbrailpass Zuidkant<\/td><td>2505<\/td><td>8,5<\/td><\/tr><tr><td>Zermatt<\/td><td>1621<\/td><td>3,5<\/td><\/tr><tr><td>Saas Fee<\/td><td>1789<\/td><td>5,5<\/td><\/tr><\/tbody><\/table><\/figure>\n","protected":false},"excerpt":{"rendered":"<p>Lijst van mijn belangrijkste beklimmingen Naam Hoogte (m) Stijging (%) Frankrijk Ballon d&#8217;Alsace Noordkant Vogezen 1178 6,6 Ballon d&#8217;Alsace Oostkant Vogezen 1178 5,0 Grand Ballon vanuit Kruth Vogezen 1343 3,6 Grand Ballon vanuiit Willers Vogezen 1343 6,2 Petit Drumont vanuit Bussang Vogezen 1150 6,7 Col d&#8217;Oderen vanuit Kruth Vogezen 883 5,5 Col d&#8217;Oderen vanuit Cornimont&#8230;<\/p>\n","protected":false},"author":1,"featured_media":0,"parent":0,"menu_order":0,"comment_status":"closed","ping_status":"closed","template":"","meta":{"_kadence_starter_templates_imported_post":false,"_kad_post_transparent":"","_kad_post_title":"hide","_kad_post_layout":"","_kad_post_sidebar_id":"","_kad_post_content_style":"","_kad_post_vertical_padding":"","_kad_post_feature":"","_kad_post_feature_position":"","_kad_post_header":false,"_kad_post_footer":false,"_kad_post_classname":"","footnotes":""},"class_list":["post-334","page","type-page","status-publish","hentry"],"_links":{"self":[{"href":"https:\/\/wimvancampen.nl\/index.php?rest_route=\/wp\/v2\/pages\/334","targetHints":{"allow":["GET"]}}],"collection":[{"href":"https:\/\/wimvancampen.nl\/index.php?rest_route=\/wp\/v2\/pages"}],"about":[{"href":"https:\/\/wimvancampen.nl\/index.php?rest_route=\/wp\/v2\/types\/page"}],"author":[{"embeddable":true,"href":"https:\/\/wimvancampen.nl\/index.php?rest_route=\/wp\/v2\/users\/1"}],"replies":[{"embeddable":true,"href":"https:\/\/wimvancampen.nl\/index.php?rest_route=%2Fwp%2Fv2%2Fcomments&post=334"}],"version-history":[{"count":4,"href":"https:\/\/wimvancampen.nl\/index.php?rest_route=\/wp\/v2\/pages\/334\/revisions"}],"predecessor-version":[{"id":416,"href":"https:\/\/wimvancampen.nl\/index.php?rest_route=\/wp\/v2\/pages\/334\/revisions\/416"}],"wp:attachment":[{"href":"https:\/\/wimvancampen.nl\/index.php?rest_route=%2Fwp%2Fv2%2Fmedia&parent=334"}],"curies":[{"name":"wp","href":"https:\/\/api.w.org\/{rel}","templated":true}]}}